 Calculate the greatest common divisor of 18 and f.
18
Let n be (-108)/(-14) - (-4)/14. Let l(w) = 4*w**2 - 25*w + 47. Let z be l(3). What is the greatest common divisor of z and n?
8
Suppose 10191 - 727 = 52*n. What is the highest common factor of n and 26?
26
Let d = 6 + 0. Suppose -2*v = 2*b, 1 = -4*v - 5*b - 0. Let t be 9 - (20/(-5) + v). Calculate the highest common divisor of t and d.
6
Let f = -14 + 18. Suppose -9 = 3*t, 3*l + 2*t - 6 = -l. Suppose -2*c = l*z - 7, 4*c + 5*z - 12 = 1. What is the greatest common factor of f and c?
2
Suppose 22 = x - b, 2*x = -2*b + 39 + 13. Calculate the greatest common divisor of x and 6.
6
Let h(i) = 2*i**3 + 8*i**2 - 22*i + 10. Let r be h(2). What is the greatest common factor of 3402 and r?
14
Suppose -659 - 43 = -6*b. What is the highest common divisor of b and 91?
13
Let y be (-4)/(-6) - 65/(-15). Suppose -y*v = -3*v - 120. Suppose -u = -v - 76. What is the highest common factor of u and 17?
17
Let h(g) = -17*g**2 + 96*g + 1. Let i be h(5). Calculate the highest common factor of i and 126.
14
Let c = 56 + -45. Let m = c + -8. Calculate the highest common factor of m and 24.
3
Suppose 0 = -6*p + 49 + 11. Calculate the greatest common divisor of p and 320.
10
Let h = -32 - -41. Let o(x) = x**3 - 8*x**2 - 6*x - 22. Let y be o(h). Calculate the greatest common factor of 40 and y.
5
Suppose v - 4*m - 44 = 0, v + 8*m - 4*m - 12 = 0. Calculate the greatest common factor of 126 and v.
14
Let b(x) = 9*x + 68. Let s be b(-7). What is the greatest common factor of 20 and s?
5
Let m be (25/(-50))/(1/(-8)). Suppose -5*q - 10 = -3*q, -5*w = -m*q - 1190. What is the highest common divisor of w and 26?
26
Suppose -245 = -5*a + 50. Calculate the highest common factor of 472 and a.
59
Let r be 2 + -1 + 1 + 1. Suppose 524 = 4*z - 4*p - p, -2*p = -r*z + 400. What is the highest common factor of z and 17?
17
Let w(g) = -2*g**2 - 8*g + 8. Let x be w(-10). Let f = 211 + x. Suppose 4*r = 3*u + f, 4*u + 18 = r - 10. Calculate the greatest common factor of r and 12.
12
Let a = -150 - -213. Suppose -66 - 15 = -9*m. Calculate the greatest common factor of a and m.
9
Suppose -2*d + 19 = 3*b, -b + d + 13 = -0*b. Suppose -106 + 7 = -n. What is the greatest common divisor of n and b?
9
Suppose -33 = -7*j + 2. Suppose -h = -s - 25, j = -4*h + 3*h - 5*s. What is the highest common divisor of 20 and h?
20
Let u be -73 + 106 - 10/4*2. Calculate the greatest common divisor of u and 6.
2
Let b be (-2 + 10)*3/6. Let c(d) = -d**3 - 4 - 2*d**2 + b - 5*d**2 + 4. Let q be c(-7). What is the highest common divisor of q and 6?
2
Let v = 18 + 82. Calculate the highest common factor of v and 175.
25
Let r(u) = 24*u**3. Let v be r(1). Suppose i + 3 = 0, 2*i - 645 = -3*m - 2*i. Let l = m + -99. Calculate the highest common divisor of v and l.
24
Let t = 4 - 8. Let g = t + 5. Suppose 4*c = g + 11. Calculate the highest common factor of 1 and c.
1
Let m = 109 - 101. Let f be (-150)/8*(-9)/(27/m). Calculate the highest common divisor of 75 and f.
25
Suppose -2349 = -166*q + 137*q. What is the highest common divisor of 90 and q?
9
Let n be (-16)/(-72) - 50/(-18). Suppose -5*z - 3*j + 61 + 15 = 0, -8 = -z + n*j. Let s = z + 85. Calculate the highest common divisor of s and 9.
9
Let t(a) = -a**3 + 10*a**2 - 9*a + 1. Let l = 5 - 10. Let p be ((-36)/20)/(1/l). Let k be t(p). Calculate the greatest common divisor of 1 and k.
1
Suppose -112*t = -99*t - 1794. What is the highest common divisor of 207 and t?
69
Let k(u) = -u**3 + 9*u**2 + 14*u + 4. Let y be k(10). Let i(q) = 7*q - 346. Let m be i(51). What is the highest common factor of y and m?
11
Let z(u) = u**2 + 2*u. Let p = 4 + -7. Let m be z(p). Suppose -17 = -m*c - c - 3*s, -s = -5*c + 26. Calculate the highest common factor of 2 and c.
1
Suppose -10 - 71 = -3*m. Let x = -33 + 38. Suppose 5*g - 65 = 5*d, -x*g + 3*d + 61 = -d. What is the greatest common divisor of g and m?
9
Let n(y) = -y**3 + 24*y**2 - 46*y - 31. Let z be n(20). Suppose -4*x - m = -233, -m - 304 = -5*x + 2*m. Calculate the greatest common factor of x and z.
59
Let z(n) = -n**2 + 2*n + 12. Let j be z(4). Suppose -4*g - 132 = -j*m, 4*g - 12 = g. What is the greatest common factor of m and 74?
37
Suppose -66*q = -124399 - 88253. Calculate the greatest common factor of 18 and q.
18
Let a(r) = -r**3 + 22*r**2 + 56*r - 190. Let x be a(24). Suppose b + 5*d = -19, 4*d - 5*d = -5*b + 9. Calculate the greatest common factor of b and x.
1
Suppose 12*d - 388 = 512. Let u = d - 65. What is the highest common divisor of 70 and u?
10
Suppose 0*r + 390 = 5*r. Suppose -4*c + 41 = -3*v, -5*c + 85 = 7*v - 4*v. Suppose 0 = -c*p + 13*p + 52. What is the highest common factor of r and p?
26
Let x = 366 + -357. What is the greatest common factor of 9 and x?
9
Let t be 1102/6 - (-21)/63. Suppose g - 3*u + 18 - 57 = 0, -5*g = -4*u - t. What is the greatest common divisor of g and 60?
12
Let k(c) = -6*c. Let r be k(-1). Let h = 2828 + -2827. What is the greatest common factor of r and h?
1
Suppose 0 = -3*r + 14*r - 55. Let f(o) = 9*o - 25. Let q be f(r). What is the greatest common factor of q and 70?
10
Let t be (-512)/(-36) - (-4)/(-18). Let w = t - -31. Suppose -9*m = 3*m - 60. Calculate the highest common factor of m and w.
5
Let p be ((765/36)/(-17))/(2/(-120)). Calculate the highest common divisor of 200 and p.
25
Let h be 7/1 - (-29 + 28). Suppose 0 = -0*d + h*d - 480. What is the greatest common factor of 12 and d?
12
Suppose -4*d + 20*d = 1088. Calculate the greatest common divisor of d and 153.
17
Let a be 4/(-14) - (-82)/(-7). Let i = 12 + a. Let w(h) = 2*h + 2. Let p be w(i). Calculate the highest common divisor of 6 and p.
2
Let y = 4706 + -2702. What is the highest common factor of y and 12?
12
Suppose -h = 3, -d + 4*d - 9 = 3*h. Suppose d = -2*p + 3*p - 28. Suppose 0*v = w + 2*v - 22, 0 = 5*w + 3*v - 82. Calculate the highest common factor of w and p.
14
Suppose 0 = -20*s + 12*s + 96. Calculate the highest common factor of 92 and s.
4
Let d(i) = -27*i + 15. Let x be d(-3). Let f = x + -90. Calculate the highest common factor of 66 and f.
6
Let c(b) = 6*b - 75. Let f be c(14). What is the highest common divisor of f and 261?
9
Let h = -9 + 42. Let i = -137 - -148. Calculate the greatest common factor of h and i.
11
Let h(c) = 2*c**2 + 9*c - 9. Let v be (-1 + 9/2)*-2. Let g be h(v). Suppose -65 = -8*l + 3*l. Calculate the greatest common factor of g and l.
13
Suppose 0 = -2*b + 4*u + 20, -4*b + 50*u = 54*u - 4. Suppose 2*w - 36 = w. What is the highest common divisor of b and w?
4
Let u(f) = 152*f**2 - 2*f - 1. Let r be u(-1). Let m(x) = -x**2 + 29*x - 181. Let n be m(10). Calculate the highest common factor of r and n.
9
Let l be ((-14)/6)/((-2)/48). Suppose 7*k - 143 = 3*k - 3*h, 1 = h. Suppose -4*q + k - 8 = -u, 4*q - 29 = -u. What is the highest common divisor of l and q?
7
Let a be (-12)/(-48)*3 - (-2730)/8. What is the greatest common divisor of a and 38?
38
Suppose -2*i = -0*t - t - 5, 0 = -2*t + 3*i - 5. Let q be (3 - -74) + -1 + t. What is the highest common factor of 9 and q?
9
Let m be 752/(-4 + 140/30). Calculate the greatest common divisor of m and 24.
24
Let z(v) = 60*v**2. Suppose 0 = 5*h - 3*k - 0*k - 2, 0 = -5*h + 5*k. Let o = -2 + h. Let l be z(o). Calculate the greatest common divisor of 15 and l.
15
Let v = -124 + 139. Suppose o + 3*k + v = 3*o, 0 = 4*o - 5*k - 29. What is the greatest common factor of 9 and o?
3
Let b be (52 - 49)/(6/400). Calculate the greatest common divisor of 24 and b.
8
Let f(h) be the first derivative of 127*h**4/4 + h + 13. Let s be f(1). Calculate the highest common factor of 16 and s.
16
Suppose -h = -29 - 8. Let a = h + 9. Let n = 97 + -28. Calculate the greatest common divisor of a and n.
23
Let b be (-1)/((-2)/32) - 1. Suppose 7*r + 30 = 22*r. Suppose -r*t + 75 = -t. Calculate the greatest common divisor of t and b.
15
Let z = -442 - -236. Let s be ((-42)/(-28))/(z/(-100) - 2). Let j = 15 - -10. What is the greatest common factor of j and s?
25
Suppose 6*d - 4 = 26. Suppose -10*f + d*f = -100. What is the highest common factor of 180 and f?
20
Let z(h) = h**3 + 4*h**2 - 6*h + 3. Let k be z(-5). Let l be 4 - (-5 - -2 - 9). What is the greatest common factor of l and k?
8
Suppose 4*c - 41 = -5